alue of (-4 - (1 + -43)) + -3 + (-1 - 2)?
32
What is the value of 15 - ((8 - -2 - -3) + -462 + 437)?
27
-7 + (-1 - 1) + 1 - (73 - (169 - 167))
-79
-98 - -38 - -52 - (2 + 4)
-14
What is the value of -78 + (-96 - -58) + 100?
-16
What is the value of -4 + -4 + 1 + 15 + 16 + -17?
7
Calculate -21 + 18 + -2 - -48.
43
What is the value of (-11 - -42) + -33 + -8 - -15?
5
-59 + (-86 - 59 - -141)
-63
What is the value of -64 + 176 + -122 - (-10 + 0)?
0
24 + (-2 - -27 - 94)
-45
What is the value of -15 + 22 - (43 + (-64 - -33))?
-5
Evaluate (5 - 1 - -4 - (182 + -146)) + -14.
-42
What is the value of -26 + -134 - -54 - -60?
-46
What is the value of (44 - (40 + -8) - -56) + -2 + 13?
79
What is (7 - (-12 - -8 - -10)) + (-105 - -20) - 6?
-90
(35 - 43) + 3 + -8 + 16
3
What is 6 + (16 - (-5 + 7)) + 9?
29
10 + (5 - (13 + -5)) + 1 + (-1 - 3)
4
Evaluate (-1071 - -1100) + (1 - 23).
7
What is the value of 46 + 0 + (1788 + -1778 - (0 + 14))?
42
-44 + -2 - (-6 + (10 - (15 + -2)))
-37
What is 15 - (170 - 106 - -59)?
-108
Calculate -29 + (-16 - -8) + (-9 - (29 - 25)).
-50
What is (-4 + -19 - -37) + 18?
32
Calculate -53 + (-21 - 25) + 18 - (-12 + 3).
-72
Calculate (10 - (2 + -1)) + (-21 - 2 - -112).
98
What is the value of -1 - (-2 + -8 + (-7 - (-12 + 3)) + -5)?
12
(12 - (56 + (15 - -3))) + 29
-33
-82 + 110 + 2 + -8 + -7
15
Calculate (59 - 34) + -6 - 14.
5
0 + 17 - (-22 - (-39 - -6))
6
(-32 - -75) + 20 + -17 + -8 + 11
49
What is -19 - -13 - ((-34 - 0) + 6 + -8)?
30
12 - (7 - 1 - (-87 - -85)) - 3
1
Calculate (-685 - -706) + (-2 - -6 - (-14 - -95)).
-56
What is 29 + -9 + (12 - -56 - 88)?
0
Calculate (8 - 11) + -4 + (30 + 3 - -2).
28
What is -81 + 7 + 28 + (-35 - -12)?
-69
What is -60 + 8 + -9 + (1 - -10) + -88 + 65?
-73
Evaluate 30 - (4 - (5 + -30 + 22 + -1 + 9)).
31
-964 + 1067 + -1 + 12 + -6
108
Calculate -60 - (93 - 269) - (20 - (2 - 5)).
93
Evaluate 0 + -2 + 7 + (5 + 0 - 9) + 52.
53
Calculate 14 - ((-30 - -21) + 4) - 52.
-33
What is 34 + 3 - -4 - (-18 - (-74 + 47))?
32
Calculate 0 + (1 - 1 - (24 + 7 + (-52 - -8))).
13
Calculate -19 + 20 + -1 + -96 - (-13 + 10 + 11).
-104
Calculate 58 + 2 + -14 + 35 + -13 + (-6 - -1).
63
What is (-15 - (-37 - (-6 + 3))) + -61?
-42
-36 - (-50 + 47 + 48)
-81
What is (71 - 47) + -76 + 54?
2
What is the value of (3 - 99) + 3 - (-76 + 0 + 76)?
-93
-683 + 727 - (45 - 0)
-1
Evaluate (-8 - ((2 - -10) + 46 + -56)) + 26.
16
What is 14 + (22 - (46 + -14 + 3)) + 1 + 11?
13
What is 48 - (-63 + -60 + 273)?
-102
Calculate (-116 - -7) + (46 - 74 - -33).
-104
-7 - (29 + 17 + -96)
43
37 + -100 + 81 + -17 + -2
-1
What is -20 - (27 - 23 - ((9 - 4 - 2) + 2))?
-19
What is the value of -67 + (99 - (32 - -33))?
-33
-3 + 36 + -2 + -10 + -18 - (1 + 31)
-29
-15 - ((-10 - -33) + -3)
-35
What is 2 + 11 + 24 + (27 - 23)?
41
What is the value of 0 - (-1 + 12 + (-47 - -13 - (-11 + 2)))?
14
Evaluate (18 - -45 - 83) + -35 + -6.
-61
What is 64 - ((-49 - -99) + -20)?
34
What is the value of 5 + -6 + (-12 - (19 + 4))?
-36
57 + -77 - (-83 + 3)
60
Evaluate 0 + (2 - 1) + 27 - (75 + -79).
32
What is 85 - (26 + -6 + -13 + -3 + 1)?
80
Calculate (-174 - -135) + 5 + 13.
-21
-13 + 4 + -27 + -10 - 5
-51
-14 + 47 + 29 + -29 + -1
32
(-46 + (-3 - 21) - 0) + 22
-48
Calculate 4 + 6 + -10 + 11 + -10 - 41.
-40
Evaluate (-78 - 121) + 32 - -103.
-64
What is (4 - (-4 + 9)) + -11 - (-1 - (-1 + -3))?
-15
-845 + 824 + -11 + -1
-33
What is the value of 75 - (-39 - -104) - (2 + -14 - 1)?
23
Evaluate 45 + -2 + (143 - 152).
34
What is the value of -5 + 14 + -5 - (4 + (2 - 41))?
39
Evaluate (17 - -31) + -66 + 32 + -3 + -2.
9
What is (-4 - -5) + -6 - (-20 - (21 + -27))?
9
Evaluate (71 - 33) + -45 + -9 - -8.
-8
(72 + -101 - -104) + -173
-98
(-11 - (4 - 9)) + (-6 + -18 - -36) + -10
-4
What is the value of (-19 - 24) + (-17 - -10 - -20)?
-30
Evaluate -87 + (9 - (-8 + 3 + -6 + 20)).
-87
Calculate -41 - ((0 - -42) + -50).
-33
Calculate 6 - (-11 - (-20 - (-37 + -7 - -19))).
22
What is the value of 49 + -134 + (9 - (-1 + 15 + -1 - 0))?
-89
What is 5205 + -5144 - (102 - 1)?
-40
53 + -36 + 89 + -24 + 3
85
-57 + 5 - (47 + -51 + (-1 - 6)) - 9
-50
(112 - 203) + 14 - 2
-79
What is (-2 + -12 - -1 - 11) + (1 - 5)?
-28
Evaluate 3 + -2 - 5 - (-14 - (-38 + -2 + -19)).
-49
What is the value of -32 - (-23 + (22 - -7))?
-38
What is 2 + (-5 - (-9 - -6)) + (304 - 317)?
-13
Evaluate (104 - 133 - -40) + 64 + (1 - 0).
76
Calculate -7 + -5 - (1 + 18 + -31) - -59.
59
Calculate 18 + (116 - (-22 + 15)) + -22.
119
Calculate 38 + (5 + 1 + 0 - (-113 - -112)) + -2.
43
(-285 - -308) + (-26 + (12 - 4) - 2)
3
-86 + 145 + 13 + -11 + 11
72
-15 - ((70 + -33 - 45) + -28)
21
What is 5 + (9 - -2) - (-345 + 334)?
27
Evaluate 225 - 277 - (2 - 19).
-35
Evaluate 7130 + -7127 + 125 + (-2 - -2) + -20.
108
(-63 - -1 - (-52 + 27)) + -12
-49
Calculate -32 - (120 + (134 - 288)).
2
What is the value of -22 + 11 + 6 + 38 + -9?
24
Calculate (1 - -1) + 6 - (15 - -6 - 1).
-12
Evaluate 26 - (59 - 26) - (-10 - 0) - -23 - 8.
18
Calculate (-1 - (-1 - 1)) + 13257 + -13192.
66
Calculate (9 - 21) + (1 - (4 + -13)).
-2
Calculate (12 - -15) + (-132 - -19) - 13.
-99
What is 1246 + -1293 - (-32 + 0)?
-15
What is the value of 7 - (-13 + 6 + 14) - (-3 - 60 - -10)?
53
What is -1 + -22 + (50 - (-12 - -23))?
16
Calculate (-1 - -22) + -161 + 147 - -25.
32
Calculate -4 + 47 + -43 - 68.
-68
What is the value of 3 + -34 - (24 + -26) - -3?
-26
Calculate 109 - (50 + 158 + -48).
-51
(-67 - 4) + 5 - (41 + (0 - 31))
-76
Calculate 52 - (-16 - -60) - (1 - 0).
7
What is -48 + -2 + 2 + (119 - 48) + -80?
-57
Evaluate -41 + 0 + (1 - -4) + -9 - (-429 - -427).
-43
What is the value of 4 + 0 + -2 + -4 + -3 + (3446 - 3434)?
7
What is (-103 - -128) + -7 + 27 + 5?
50
Calculate -3134 + 3127 + 5 + 1 + -4 + -120.
-125
What is the value of 3 + (-16 + -9 - -30 - (-2 + 21))?
-11
Calculate -8 + -4 + 9 + (2 - 1) + (408 - 423).
-17
What is 2 + -6 - (23 + (-32 - -48))?
-43
-27 + 2 + (1 - (18 + 25 + -39))
-28
What is the value of -28 + 80 - 50 - 99?
-97
Evaluate -65 - (-4 - 24) - -85.
48
Evaluate 26 - (53 + -59 + 28 + 2 + -37).
39
What is the value of (-1 - -1 - 0) + (-20 - (-52 - (-61 - -31)))?
2
Calculate 18 + -82 + 75 - -78.
89
Calculate -56 - (10 - (-13 - -17) - (5 - 2 - 0)).
-59
Evaluate -28 + -25 + 142 + -46.
43
Calculate (-11 - -61 - -8 - 4) + -14 + -10.
30
Calculate (-40 - (31 - (-38 - -25))) + 41.
-43
What is (16 - (6 + -20 + 18)) + (-4 - 1) - 94?
-87
What is the value of -954 + 964 - (87 + -7)?
-70
What is the value of -28 + 38 + 30 + (3 - 19)?
24
Evaluate -45 + 2 + (-8 - -34).
-17
Calculate 0 + 12 + (-1 - 0) + 3 - (347 + -335).
2
What is the value of (-1 + 2 - -1) + 66 + 134 + -163?
39
Evaluate 1669 + -1719 + (-14 - 6) + -5.
-75
Calculate 374 - 386 - ((4 - 69 - -1) + -3).
55
Calculate (-12 - -56) + -47 - -32.
29
(130 - (39 + 40)) + -111
-60
What is the value of -17 + (-12 - -19) + 21 + -53?
-42
What is the value of (-13 - 9) + -51 + 26?
-47
What is the value of -15 + 37 + -9 + 33 - 12 - -6?
40
Evaluate 4 + (17 - -14) + -2 + (2 - 14).
21
What is (0 - -39) + -8 + (25 - (-15 + 23)) + -5?
43
Calculate (-91 - (-171 - -93)) + -2 + 2 + -4.
-17
What is -12 + (8 - (-5 - -17) - (-1 - 25))?
10
(-185 - -51) + 136 - (0 - -42)
-40
What is the value of (3 - (-47 - -19)) + 22?
53
86 + 218 + -373 + (-17 - -1)
-85
What is the value of (-30 - 1) + (-31 - -57 - 7) + 92?
80
Evaluate (199 - 180) + ((-4 - -5) + 6 - -2).
28
Evaluate 6 - ((-12 - -54) + 12).
-48
What is the value of 1997 - 1997 - ((22 - 2) + -1)?
-19
(1 - -34) + (219 - 289)
-35
What is -9 - (-4 - -4 - (-8 + -5) - 10 - 10)?
-2
Calculate -21 - (-10 - (-11 + 24)) - (71 + 2).
-71
What is the value of 42 + -25 + 47 + -21?
43
Evaluate 29 + (15 - 28 - -6) + -7 + 35.
50
What is the value of 2 + (-1 - 37) - (-1596 - -1492)?
68
What is the value of (5 - (8 + 12 + -1)) + 3 + 3?
-8
What is (4 - 7 - -8 - 62) + 25?
-32
What is (30 + 46 - -10) + (-1 - 2) + -4 + 2?
81
What is the value of 19 - (19 - 14 - -28) - -23?
9
Calculate (17 + (-37 - -12) - -11) + -18.
-15
Evaluate 25 + -42 + -35 - (10 - 18).
-44
114 - (-5 - ((-11 - -12) + -6 - 6) - -3)
105
Calculate -63 - (-124 - -21 - 23).
63
-1244 - -1271 - (53 + 2)
-28
Calculate -2 + 1 + -14 - (-54 - 6 - -97).
-52
Evaluate 110 - (14 - (-27 + (31 - 12))).
88
(29 - (-138 + -22)) + -124
65
(740 - 731) + 3 + -50 + -3 + 6
-